est common factor of 340 and 137004955.
85
What is the greatest common factor of 1 and 56193836?
1
What is the greatest common factor of 130731144 and 48?
24
Calculate the greatest common factor of 43282 and 10166.
34
What is the highest common divisor of 5500 and 146564?
44
What is the highest common divisor of 6882378108 and 12?
12
Calculate the highest common factor of 2528 and 2431304.
632
What is the highest common divisor of 284829 and 972534?
1083
What is the highest common divisor of 41033811 and 73?
73
Calculate the highest common factor of 21191387 and 3794.
1897
What is the greatest common divisor of 12640 and 723640?
3160
What is the greatest common factor of 922988 and 36300?
484
What is the highest common divisor of 3274200 and 643824?
1224
Calculate the highest common factor of 9270 and 40785.
15
Calculate the highest common factor of 33182 and 2924.
2
Calculate the greatest common factor of 38023998 and 30.
6
Calculate the greatest common factor of 8554978 and 902.
82
What is the highest common divisor of 1 and 2077903?
1
Calculate the greatest common divisor of 604 and 2187990.
302
Calculate the greatest common factor of 1859853 and 38.
19
What is the highest common factor of 4165606 and 8?
2
Calculate the greatest common divisor of 466704 and 8603466.
2778
Calculate the greatest common factor of 2691128 and 2189.
11
Calculate the highest common divisor of 255760 and 623024.
368
Calculate the highest common divisor of 4017918 and 164.
82
Calculate the greatest common divisor of 11008 and 14464.
128
What is the greatest common divisor of 107038 and 59296?
218
Calculate the greatest common divisor of 60 and 2914716.
12
Calculate the greatest common divisor of 2790 and 7500078.
558
Calculate the highest common factor of 28985362 and 490.
98
What is the greatest common divisor of 2541 and 58927?
121
What is the greatest common divisor of 82582570 and 35?
35
Calculate the highest common factor of 6 and 22114446.
6
Calculate the highest common factor of 161603431 and 55.
11
What is the greatest common factor of 89395 and 11761?
19
Calculate the greatest common divisor of 354 and 19972562.
118
Calculate the highest common factor of 2030651 and 21823.
139
What is the greatest common factor of 6588 and 7496107?
61
Calculate the highest common factor of 53340204 and 64.
4
Calculate the highest common divisor of 9222110 and 5.
5
Calculate the highest common factor of 256809 and 51156.
147
Calculate the greatest common divisor of 7 and 3938053.
7
What is the greatest common divisor of 12980 and 64130?
110
Calculate the greatest common factor of 24635 and 15442355.
1895
Calculate the greatest common divisor of 5958383 and 1723289.
6359
Calculate the greatest common divisor of 106622 and 45390.
178
Calculate the greatest common divisor of 70559984 and 10505.
2101
Calculate the highest common factor of 713527 and 3937.
31
Calculate the highest common factor of 4872 and 2460792.
24
Calculate the greatest common divisor of 46913048 and 5408.
1352
What is the greatest common factor of 192 and 140906112?
192
Calculate the highest common factor of 430917954 and 369.
123
What is the highest common factor of 3104 and 10905904?
1552
Calculate the highest common divisor of 134192 and 4094.
2
What is the highest common divisor of 351 and 247329927?
117
What is the greatest common factor of 66668 and 91028?
28
Calculate the greatest common factor of 27 and 38776401.
27
Calculate the greatest common divisor of 546 and 2227576.
26
Calculate the greatest common factor of 55 and 6851815.
5
What is the greatest common factor of 24690782 and 1228?
614
Calculate the greatest common divisor of 10372 and 3171239.
2593
Calculate the highest common factor of 1068 and 272429.
89
What is the highest common divisor of 3179129 and 1866703?
6371
Calculate the highest common factor of 66 and 722440444.
22
What is the highest common divisor of 100640136 and 196418?
3706
What is the greatest common divisor of 3115513 and 43826?
1289
What is the greatest common factor of 1052389 and 13?
13
Calculate the greatest common divisor of 2448 and 1084056.
408
Calculate the highest common divisor of 2452806 and 30186.
774
Calculate the greatest common factor of 20589033 and 1273.
67
What is the highest common factor of 86592935 and 39?
13
Calculate the highest common divisor of 367764 and 485513.
1613
What is the greatest common divisor of 16015 and 10150307?
3203
Calculate the greatest common factor of 17002100 and 15.
5
Calculate the greatest common divisor of 5304 and 8251698.
1326
What is the highest common divisor of 4030 and 1791660?
130
What is the highest common factor of 126101166 and 46473?
6639
What is the highest common factor of 9592945 and 20?
5
Calculate the highest common factor of 493582926 and 1263.
1263
What is the highest common divisor of 62575565 and 143?
13
What is the greatest common divisor of 35031317 and 932?
233
What is the greatest common factor of 514616790 and 60?
30
Calculate the greatest common divisor of 6831 and 461173.
23
What is the highest common factor of 32052 and 7044?
12
What is the highest common factor of 63569388 and 12?
12
What is the highest common divisor of 505408 and 8798?
106
Calculate the greatest common factor of 18298 and 351583.
1307
What is the greatest common divisor of 610855 and 5568070?
2815
What is the greatest common factor of 4147 and 13399711?
377
Calculate the greatest common divisor of 166194 and 1201609.
1319
What is the highest common factor of 21892572 and 108?
108
What is the greatest common factor of 63249 and 707919?
87
What is the greatest common divisor of 700 and 947296?
28
What is the greatest common divisor of 678 and 45853818?
678
Calculate the highest common factor of 182612 and 2492384.
284
What is the highest common factor of 91894674 and 1359?
453
Calculate the highest common factor of 3068 and 103604.
236
What is the highest common factor of 193904360 and 650260?
15860
Calculate the greatest common factor of 65 and 647275.
5
What is the greatest common factor of 68112 and 45?
9
Calculate the highest common factor of 253277284 and 1924.
1924
Calculate the greatest common divisor of 28437336 and 16.
8
What is the greatest common divisor of 8636961 and 1572?
393
Calculate the greatest common factor of 256 and 46570.
2
What is the highest common divisor of 1925 and 49776419?
77
What is the greatest common factor of 46 and 9119546?
46
What is the highest common divisor of 122293095 and 109?
109
What is the greatest common divisor of 6214016 and 67740?
4516
Calculate the greatest common factor of 1953248 and 638693.
341
Calculate the greatest common factor of 152595 and 25830.
45
Calculate the greatest common factor of 63232 and 113867.
247
What is the highest common divisor of 258905 and 1643?
53
Calculate the greatest common divisor of 846084 and 22332.
12
What is the greatest common divisor of 63860 and 182900?
620
Calculate the greatest common divisor of 9148 and 67901030.
4574
Calculate the greatest common divisor of 62734 and 70.
14
What is the greatest common factor of 1100576 and 2195936?
5216
Calculate the greatest common factor of 187235216 and 224.
112
What is the highest common factor of 118335 and 50615824?
7889
What is the highest common factor of 3934 and 28840716?
562
Calculate the highest common divisor of 93568083 and 549.
183
What is the highest common factor of 3004 and 34172?
4
What is the greatest common factor of 827179 and 841023?
3461
Calculate the highest common divisor of 680 and 39920896.
136
Calculate the highest common factor of 28219102 and 10.
2
Calculate the greatest common divisor of 4798 and 5182.
2
Calculate the highest common factor of 25011 and 1328355.
63
Calculate the greatest common factor of 978 and 368914803.
489
What is the greatest common divisor of 196651 and 546?
91
Calculate the greatest common divisor of 95 and 55588655.
5
What is the greatest common divisor of 873 and 35344278?
873
What is the highest common factor of 24510 and 70813?
19
What is the greatest common divisor of 225627260 and 376?
188
What is the greatest common divisor of 39 and 29996733?
39
Calculate the highest common divisor of 1703800 and 217875.
175
Calculate the highest common div